{"id":33,"date":"2021-08-25T19:10:45","date_gmt":"2021-08-25T18:10:45","guid":{"rendered":"https:\/\/expressive-pics.de\/public\/?page_id=33"},"modified":"2022-12-21T21:58:43","modified_gmt":"2022-12-21T20:58:43","slug":"welcome","status":"publish","type":"page","link":"https:\/\/expressive-pics.de\/public\/","title":{"rendered":"WELCOME"},"content":{"rendered":"\n<div class=\"wp-block-columns\">\n<div class=\"wp-block-column\">\n<p>Hello, I&#8217;m Michael Grothe<\/p>\n\n\n\n<figure class=\"wp-block-image size-large\"><img loading=\"lazy\" width=\"1024\" height=\"678\" src=\"https:\/\/expressive-pics.de\/public\/wp-content\/uploads\/2021\/08\/MichaelGrothe-1024x678.jpg\" alt=\"\" class=\"wp-image-94\" srcset=\"https:\/\/expressive-pics.de\/public\/wp-content\/uploads\/2021\/08\/MichaelGrothe-1024x678.jpg 1024w, https:\/\/expressive-pics.de\/public\/wp-content\/uploads\/2021\/08\/MichaelGrothe-300x199.jpg 300w, https:\/\/expressive-pics.de\/public\/wp-content\/uploads\/2021\/08\/MichaelGrothe-768x508.jpg 768w, https:\/\/expressive-pics.de\/public\/wp-content\/uploads\/2021\/08\/MichaelGrothe.jpg 1384w\" sizes=\"(max-width: 767px) 89vw, (max-width: 1000px) 54vw, (max-width: 1071px) 543px, 580px\" \/><\/figure>\n<\/div>\n\n\n\n<div class=\"wp-block-column\">\n<div style=\"text-align: justify;  text-justify: inter-word;\"><p class=\"has-normal-font-size\">Photography is my passion. It causes the &#8222;somewhat different seeing&#8220; of everyday things. My recent photos\/pictures are mainly from the area around Hamburg (my birth town), Gl\u00fcckstadt and Elmshorn with the catchment area of the Elbe. My cameras are my companions almost every day.<\/p><\/div>\n\n\n\n<div style=\"text-align: justify;  text-justify: inter-word;\"><p><img loading=\"lazy\" width=\"26\" height=\"24\" class=\"wp-image-102\" style=\"width: 26px;\" src=\"https:\/\/expressive-pics.de\/public\/wp-content\/uploads\/2021\/08\/germanflag.png\" alt=\"\"> Fotografie ist meine Leidenschaft. Sie bewirkt das \u201eetwas andere Sehen\u201c der allt\u00e4glichen Dinge. Meine Fotos\/Bilder der letzten Zeit stammen haupts\u00e4chlich aus dem Gro\u00dfraum um Hamburg (meiner Geburtsstadt), Gl\u00fcckstadt und Elmshorn mit dem Einzugsgebiet der Elbe. Meine Kameras sind fast jeden Tag meine Begleiter.<\/p><\/div>\n<\/div>\n<\/div>\n\n\n\n<div style=\"text-align: justify;  text-justify: inter-word;\"><p>I take pictures with the Nikon D750 and the Nikon D7100 for infrared. My favorite lenses are the Tamron 70-300mm and the Tamron 35-150mm. The equipment is completed by the Samyang 14mm, the Tamron 150-600mm, Sigma Makro 105mm and Haida gray, gradient and polarizing filters. The rest are ideas&#8230;<\/p><\/div>\n\n\n\n<div style=\"text-align: justify;  text-justify: inter-word;\"><p><img loading=\"lazy\" width=\"26\" height=\"24\" class=\"wp-image-102\" style=\"width: 26px;\" src=\"https:\/\/expressive-pics.de\/public\/wp-content\/uploads\/2021\/08\/germanflag.png\" alt=\"\"> Ich fotografiere mit der Nikon D750 und der Nikon D7100 f\u00fcr Infrarot. Meine Lieblingsobjektive sind das Tamron 70-300mm und das Tamron 35-150mm. Erg\u00e4nzt wird die Ausr\u00fcstung durch das Samyang 14mm, das Tamron 150-600mm, das Sigma Makro 105mm und durch Haida Grau- Verlaufs- und Polfilter. Der Rest sind Ideen&#8230;<\/p><\/div>\n\n\n\n<p><\/p>\n","protected":false},"excerpt":{"rendered":"<p>Hello, I&#8217;m Michael Grothe Photography is my passion. It causes the &#8222;somewhat different seeing&#8220; of everyday things. My recent photos\/pictures are mainly from the area around Hamburg (my birth town), Gl\u00fcckstadt and Elmshorn with the catchment area of the Elbe. My cameras are my companions almost every day. Fotografie ist meine Leidenschaft. Sie bewirkt das &hellip; <\/p>\n<p class=\"link-more\"><a href=\"https:\/\/expressive-pics.de\/public\/\" class=\"more-link\"><span class=\"screen-reader-text\">\u201eWELCOME\u201c<\/span> weiterlesen<\/a><\/p>\n","protected":false},"author":1,"featured_media":0,"parent":0,"menu_order":0,"comment_status":"closed","ping_status":"closed","template":"","meta":{"_monsterinsights_skip_tracking":false,"_monsterinsights_sitenote_active":false,"_monsterinsights_sitenote_note":"","_monsterinsights_sitenote_category":0,"ngg_post_thumbnail":0},"_links":{"self":[{"href":"https:\/\/expressive-pics.de\/public\/wp-json\/wp\/v2\/pages\/33"}],"collection":[{"href":"https:\/\/expressive-pics.de\/public\/wp-json\/wp\/v2\/pages"}],"about":[{"href":"https:\/\/expressive-pics.de\/public\/wp-json\/wp\/v2\/types\/page"}],"author":[{"embeddable":true,"href":"https:\/\/expressive-pics.de\/public\/wp-json\/wp\/v2\/users\/1"}],"replies":[{"embeddable":true,"href":"https:\/\/expressive-pics.de\/public\/wp-json\/wp\/v2\/comments?post=33"}],"version-history":[{"count":15,"href":"https:\/\/expressive-pics.de\/public\/wp-json\/wp\/v2\/pages\/33\/revisions"}],"predecessor-version":[{"id":431,"href":"https:\/\/expressive-pics.de\/public\/wp-json\/wp\/v2\/pages\/33\/revisions\/431"}],"wp:attachment":[{"href":"https:\/\/expressive-pics.de\/public\/wp-json\/wp\/v2\/media?parent=33"}],"curies":[{"name":"wp","href":"https:\/\/api.w.org\/{rel}","templated":true}]}}